91 - 4?
-95
In base 3, what is -2 - 1021101?
-1021110
In base 3, what is -11102200 + 1?
-11102122
In base 9, what is -70 + 6?
-63
In base 16, what is -12b - 3?
-12e
In base 11, what is 1449 - -5?
1453
In base 14, what is -6 - -33?
2b
In base 11, what is 1 - -669?
66a
In base 10, what is -1 + 155?
154
In base 4, what is 110211 - 3?
110202
In base 9, what is 142 + 3?
145
In base 13, what is -185 + -1?
-186
In base 11, what is 230 - 11?
21a
In base 13, what is -1 - 10c?
-110
In base 6, what is -4 - -10113?
10105
In base 15, what is 29 - -4?
2d
In base 15, what is 1 + -4d?
-4c
In base 3, what is 202 + -10?
122
In base 6, what is 43003 - 0?
43003
In base 10, what is 1 + -962?
-961
In base 7, what is -4 - 242?
-246
In base 2, what is 1101001 - 0?
1101001
In base 12, what is 22 - -17?
39
In base 14, what is 9 + -11?
-6
In base 5, what is -1113 - -1021?
-42
In base 10, what is -576 - 4?
-580
In base 16, what is -192 - -6?
-18c
In base 15, what is b - 3?
8
In base 12, what is -7b - 2?
-81
In base 14, what is b - -52?
5d
In base 2, what is -100 - -10100?
10000
In base 11, what is -70 - -4?
-67
In base 10, what is 2 + 5328?
5330
In base 10, what is -10 + 315?
305
In base 7, what is -1656 - -36?
-1620
In base 4, what is 33332 + 11?
100003
In base 15, what is -5 + 45?
40
In base 7, what is -343 - 5?
-351
In base 6, what is 4502 - 0?
4502
In base 4, what is 2 - 3213?
-3211
In base 14, what is -1 + -22?
-23
In base 7, what is 11 + -1352?
-1341
In base 4, what is 1103 - 3?
1100
In base 11, what is -3 - -5a?
57
In base 8, what is -17 - 46?
-65
In base 11, what is 351 + 0?
351
In base 13, what is 20 - 3?
1a
In base 5, what is -2 + -12?
-14
In base 14, what is -54d - -5?
-548
In base 9, what is 85 + -2?
83
In base 12, what is -3 - 1b?
-22
In base 5, what is -102331 + 10?
-102321
In base 7, what is 1153 + 2?
1155
In base 13, what is 36 + 1?
37
In base 4, what is -10 - -2000032?
2000022
In base 16, what is c17 - -4?
c1b
In base 11, what is -5 - 31?
-36
In base 12, what is -386b - 0?
-386b
In base 6, what is 15 + -1550?
-1531
In base 14, what is -1 + -1ad1?
-1ad2
In base 15, what is -3e - 10?
-4e
In base 12, what is 39a - 1?
399
In base 15, what is -3 - 1e6?
-1e9
In base 11, what is 1 + -39?
-38
In base 8, what is 2 - -3?
5
In base 4, what is 23131 + 3?
23200
In base 8, what is -4 - 1606?
-1612
In base 4, what is -2 - -33?
31
In base 5, what is 10 - 334?
-324
In base 16, what is -1f9c + -5?
-1fa1
In base 3, what is -101012 + 1?
-101011
In base 13, what is 2 + -cb?
-c9
In base 4, what is -132002 - -10?
-131332
In base 12, what is -34 - 0?
-34
In base 11, what is -5 + -58?
-62
In base 12, what is 0 - 26?
-26
In base 2, what is 0 - 10111?
-10111
In base 4, what is -1120 - 31?
-1211
In base 3, what is 2011100 - -11?
2011111
In base 15, what is -8 - 394?
-39c
In base 10, what is 4 + 102?
106
In base 7, what is 5510 + -5?
5502
In base 2, what is -100011111011 + -1?
-100011111100
In base 2, what is 101011110010 - -1?
101011110011
In base 7, what is -3625 + 5?
-3620
In base 16, what is -6 + 1b?
15
In base 8, what is 153 + -44?
107
In base 14, what is -30c + 0?
-30c
In base 12, what is 1 - -9b?
a0
In base 4, what is -13 - 1020?
-1033
In base 6, what is -22 - -24?
2
In base 16, what is 1b + 0?
1b
In base 8, what is 2322 + 3?
2325
In base 2, what is 111 + 100010011?
100011010
In base 16, what is 1d8 + -5?
1d3
In base 2, what is -1111 + 10000110001?
10000100010
In base 5, what is -103014 + -2?
-103021
In base 5, what is -1 + -34242?
-34243
In base 15, what is 0 - -1a35?
1a35
In base 5, what is 1 + 320?
321
In base 13, what is 1c0 - 1?
1bc
In base 9, what is 232 + -4?
227
In base 15, what is 221 + 1?
222
In base 2, what is 110101 - -101?
111010
In base 10, what is -118 + 15?
-103
In base 14, what is 3 - -a70?
a73
In base 5, what is 1 + 23222?
23223
In base 14, what is -4 + 1b?
17
In base 13, what is -30 + 20a?
1aa
In base 10, what is 5 - 39?
-34
In base 11, what is -345 + -3?
-348
In base 12, what is 5 - 444?
-43b
In base 6, what is 2052 + -3?
2045
In base 10, what is -19 + 31?
12
In base 9, what is 426 - -27?
454
In base 2, what is -111 + -1010011?
-1011010
In base 6, what is 55 - 3?
52
In base 12, what is -794 + -20?
-7b4
In base 16, what is 1 + -c94?
-c93
In base 3, what is 12 - 11112002?
-11111220
In base 6, what is 25300 - -2?
25302
In base 3, what is -12 - 21221?
-22010
In base 15, what is 3 + -3c?
-39
In base 14, what is 0 + 49?
49
In base 11, what is -6a - -2?
-68
In base 16, what is 0 + -361?
-361
In base 16, what is -10 - 15?
-25
In base 9, what is 6 - 6?
0
In base 4, what is -31021 - -3?
-31012
In base 5, what is -4 - -2212?
2203
In base 10, what is -2445 + 5?
-2440
In base 15, what is 5 + aa2?
aa7
In base 9, what is -16 + -75?
-102
In base 12, what is 3798 - 4?
3794
In base 11, what is -31a - -7?
-313
In base 12, what is 1b + 18?
37
In base 6, what is -3 - -254?
251
In base 11, what is -4 + -23?
-27
In base 3, what is 10100220 - 11?
10100202
In base 3, what is -201122 + 12?
-201110
In base 6, what is -103 - -53?
-10
In base 9, what is -4030 - 5?
-4035
In base 16, what is c4 - -7?
cb
In base 2, what is -1110111 - -10000?
-1100111
In base 3, what is 0 + 2200?
2200
In base 4, what is -2 + -131222?
-131230
In base 16, what is 7 + -1b7?
-1b0
In base 13, what is -13b + -3?
-141
In base 13, what is -2c + 4?
-28
In base 7, what is 1251 + 1?
1252
In base 12, what is 85 - 5?
80
In base 14, what is 4d6 + -7?
4cd
In base 6, what is 22034 - 13?
22021
In base 13, what is -2 + 13?
11
In base 5, what is -1323 - -424?
-344
In base 4, what is -10 - 20003?
-20013
In base 7, what is -33 + 13?
-20
In base 6, what is -251 - -23?
-224
In base 14, what is 5 + -23?
-1c
In base 3, what is -100021 + -11?
-100102
In base 2, what is 1 + 100111?
101000
In base 15, what is -5 - e?
-14
In base 14, what is -2c7 + -3?
-2ca
In base 6, what is 243 - -3?
250
In base 10, what is 4 + -58?
-54
In base 6, what is 54 - -53?
151
In base 7, what is 2 - 441?
-436
In base 15, what is 20 - 7c?
-5c
In base 8, what is -1324 + 7?
-1315
In base 16, what is -1 - -2e?
2d
In base 12, what is b396 + 3?
b399
In base 3, what is -22011 + 112?
-21122
In base 11, what is -1061 + -5?
-1066
In base 13, what is 993 - 14?
97c
In base 16, what is -d + 8c?
7f
In base 15, what is 7 + -1b?
-14
In base 5, what is 43003 + -10?
42443
In base 4, what is 1201013 - 1?
1201012
In base 5, what is -31 + 130?
44
In base 2, what is 100 - -101010?
101110
In base 13, what is -3 + 64?
61
In base 5, what is -4423 + -4?
-4432
In base 2, what is 111000 + -110?
110010
In base 4, what is 1 - 211?
-210
In base 7, what is -1 + 61?
60
In base 15, what is 2 - 26?
-24
In base 7, what is -3 + -251?
-254
In base 8, what is -13 + -361?
-374
In base 9, what is 101 - 7?
83
In base 16, what is -2 + 61?
5f
In base 10, what is 86 + 5?
91
In base 3, what is 10000 + -111?
2112
In base 3, what is 1022 + -11?
1011
In base 6, what is 211 - 34?
133
In base 13, what is 3 + -2b?
-28
In base 3, what is -122 + 0?
-122
In base 7, what is 43 + -25?
15
In base 2, what is -101 + 11111110?
11111001
In base 3, what is 201 + 11?
212
In base 11, what is 16 - -43?
59
In base 4, what is 210 - 2?
202
In base 12, what is -146 + -13?
-159
In base 9, what is 6 - 476?
-470
In base 13, what is 18a8 + 1?
18a9
In base 4, what is 2 + -212?
-210
In base 13, what is 4871 + 0?
4871
In base 7, what is 12605 + 2?
12610
In base 3, what is 2102102 + -11?
2102021
In base 9, what is -13 - -663?
650
In base 6, what is 1310 + 142?
1452
In base 9, what is 1 + 4?
5
In base 12, what is -4 + -134?
-138
In base 8, what is -11 + 104?
73
In base 4, what is -3201131 - 1?
-3201132
In base 15, what is 0 + -3c?
-3c
In base 7, what is -460 + 12?
-445
In base 2, what is -10 - -10011111?
10011101
In base 3, what is 12210 + 11?
12221
In base 6, what is -5 - -31?
22
In base 12, what is -4 + 1a98?
1a94
In base 2, what is -11 + -1001101?
-1010000
In base 10, what is -336 - 5?
-341
In base 7, what is -5 + 1623?
1615
In base 13, what is -2a37 - 1?
-2a38
In base 7, what is 5 + -366?
-361
In base 15, what is 3 + -10?
-c
In base 4, what is -1232 + -11?
-1303
In base 14, what is 0 - 20?
-20
In base 13, what is 5a + -15?
45
In base 15, what is 36e + -3?
36b
In base 14, what is 11c + -5?
117
In base 16, what is 52 + 31?
83
